en thousands digit of 44286205?
8
What is the hundreds digit of 2353574411?
4
What is the hundred millions digit of 3949109648?
9
What is the millions digit of 15898686?
5
What is the hundreds digit of 38216178?
1
What is the hundreds digit of 482337930?
9
What is the tens digit of 566346603?
0
What is the hundred millions digit of 3127527893?
1
What is the ten thousands digit of 427242608?
4
What is the hundred thousands digit of 7197163612?
1
What is the hundred thousands digit of 1270303954?
3
What is the millions digit of 416741646?
6
What is the hundreds digit of 93229336?
3
What is the hundred millions digit of 195203102?
1
What is the thousands digit of 2939664458?
4
What is the ten thousands digit of 1464037632?
3
What is the millions digit of 58603374?
8
What is the hundred millions digit of 204334958?
2
What is the hundreds digit of 342077602?
6
What is the hundreds digit of 283746693?
6
What is the hundreds digit of 115995632?
6
What is the ten millions digit of 2423886927?
2
What is the ten millions digit of 172334301?
7
What is the hundred thousands digit of 304009163?
0
What is the hundred millions digit of 576710314?
5
What is the tens digit of 116264748?
4
What is the hundreds digit of 100140764?
7
What is the ten thousands digit of 316723678?
2
What is the hundreds digit of 43217491?
4
What is the hundreds digit of 678495204?
2
What is the units digit of 5050714417?
7
What is the ten thousands digit of 86049054?
4
What is the hundred thousands digit of 961754825?
7
What is the thousands digit of 200277189?
7
What is the ten thousands digit of 2531977765?
7
What is the millions digit of 51812801?
1
What is the tens digit of 860586407?
0
What is the hundred millions digit of 2284762328?
2
What is the units digit of 2101278?
8
What is the ten thousands digit of 52694841?
9
What is the tens digit of 497442267?
6
What is the thousands digit of 69051741?
1
What is the hundreds digit of 6511140710?
7
What is the ten thousands digit of 9758413?
5
What is the tens digit of 218478364?
6
What is the hundred thousands digit of 39470368?
4
What is the millions digit of 1781535606?
1
What is the units digit of 110459967?
7
What is the millions digit of 159636776?
9
What is the ten thousands digit of 52902535?
0
What is the billions digit of 3343693832?
3
What is the hundreds digit of 131576075?
0
What is the hundreds digit of 909621128?
1
What is the ten millions digit of 2803663135?
0
What is the thousands digit of 234546810?
6
What is the tens digit of 9683251?
5
What is the ten millions digit of 73882783?
7
What is the hundred thousands digit of 237643756?
6
What is the units digit of 743909928?
8
What is the millions digit of 448424828?
8
What is the tens digit of 34161833?
3
What is the hundreds digit of 14440938?
9
What is the ten thousands digit of 2412147973?
4
What is the hundred thousands digit of 287316582?
3
What is the hundred millions digit of 148940031?
1
What is the thousands digit of 61790396?
0
What is the millions digit of 226399204?
6
What is the hundreds digit of 694869354?
3
What is the units digit of 863233022?
2
What is the hundred thousands digit of 24099658?
0
What is the thousands digit of 29947994?
7
What is the units digit of 5856474?
4
What is the units digit of 1269551449?
9
What is the ten millions digit of 11829569?
1
What is the ten thousands digit of 176560950?
6
What is the ten millions digit of 372556295?
7
What is the thousands digit of 10761967?
1
What is the hundred thousands digit of 362045403?
0
What is the hundreds digit of 179395888?
8
What is the hundred thousands digit of 66554622?
5
What is the thousands digit of 119246594?
6
What is the ten millions digit of 626199816?
2
What is the tens digit of 224802196?
9
What is the hundreds digit of 26430718?
7
What is the units digit of 475144986?
6
What is the millions digit of 1434062990?
4
What is the hundreds digit of 587615961?
9
What is the tens digit of 7996078730?
3
What is the hundreds digit of 12648240?
2
What is the ten millions digit of 2288393617?
8
What is the hundreds digit of 1669457227?
2
What is the tens digit of 149515099?
9
What is the thousands digit of 2027781747?
1
What is the units digit of 251571481?
1
What is the units digit of 437266465?
5
What is the thousands digit of 206220758?
0
What is the hundred millions digit of 202913570?
2
What is the hundred millions digit of 2318193525?
3
What is the tens digit of 5294751?
5
What is the hundred millions digit of 116642187?
1
What is the tens digit of 1951947769?
6
What is the ten millions digit of 26687993?
2
What is the millions digit of 1140713216?
0
What is the ten thousands digit of 332377432?
7
What is the units digit of 2595843207?
7
What is the ten thousands digit of 57694739?
9
What is the ten thousands digit of 4325027319?
2
What is the millions digit of 41612576?
1
What is the ten millions digit of 329860413?
2
What is the thousands digit of 2237222491?
2
What is the units digit of 30226517?
7
What is the hundreds digit of 1364729781?
7
What is the ten millions digit of 200520388?
0
What is the thousands digit of 814642515?
2
What is the units digit of 36269397?
7
What is the tens digit of 977244564?
6
What is the hundred thousands digit of 7350173?
3
What is the units digit of 2394102497?
7
What is the hundreds digit of 649761899?
8
What is the thousands digit of 713451445?
1
What is the ten thousands digit of 286358515?
5
What is the hundred thousands digit of 34275934?
2
What is the hundreds digit of 53922927?
9
What is the hundreds digit of 30885617?
6
What is the hundred thousands digit of 133664577?
6
What is the ten thousands digit of 305352311?
5
What is the ten millions digit of 5460651203?
6
What is the hundred thousands digit of 5769732?
7
What is the units digit of 46703225?
5
What is the ten thousands digit of 46380566?
8
What is the thousands digit of 37623767?
3
What is the ten millions digit of 1004734003?
0
What is the thousands digit of 12395717?
5
What is the hundred thousands digit of 790436329?
4
What is the ten millions digit of 314969888?
1
What is the tens digit of 199406002?
0
What is the millions digit of 540093145?
0
What is the hundreds digit of 232936287?
2
What is the tens digit of 575783019?
1
What is the ten millions digit of 23816833?
2
What is the hundred thousands digit of 36598805?
5
What is the tens digit of 116205611?
1
What is the millions digit of 140380544?
0
What is the millions digit of 179392106?
9
What is the thousands digit of 130441919?
1
What is the tens digit of 3777605617?
1
What is the hundred millions digit of 1024258046?
0
What is the hundreds digit of 2109212317?
3
What is the hundred millions digit of 169614579?
1
What is the hundred thousands digit of 62036177?
0
What is the tens digit of 566752790?
9
What is the thousands digit of 73855674?
5
What is the hundreds digit of 9383621?
6
What is the ten millions digit of 96942871?
9
What is the hundred thousands digit of 140841912?
8
What is the hundred thousands digit of 148002938?
0
What is the thousands digit of 11888112?
8
What is the hundred millions digit of 142829120?
1
What is the hundreds digit of 29313844?
8
What is the units digit of 31001008?
8
What is the ten thousands digit of 227857782?
5
What is the units digit of 157040107?
7
What is the millions digit of 192249287?
2
What is the thousands digit of 142401900?
1
What is the millions digit of 3307277889?
7
What is the ten millions digit of 838703241?
3
What is the billions digit of 4513182742?
4
What is the millions digit of 4508186395?
8
What is the millions digit of 284999566?
4
What is the thousands digit of 77615189?
5
What is the ten millions digit of 157449431?
5
What is the ten millions digit of 75040415?
7
What is the thousands digit of 773430628?
0
What is the millions digit of 1113560466?
3
What is the hundred millions digit of 221723464?
2
What is the hundred thousands digit of 39955438?
9
What is the ten millions digit of 242202607?
4
What is the hundred thousands digit of 187857000?
8
What is the hundreds digit of 25562660?
6
What is the hundred thousands digit of 63115515?
1
What is the ten millions digit of 84509502?
8
What is the millions digit of 1050013?
1
What is the hundreds digit 